he ten millions digit of 3984381385?
8
What is the hundred thousands digit of 66948697?
9
What is the hundreds digit of 52963158?
1
What is the hundreds digit of 16469023?
0
What is the billions digit of 1465200760?
1
What is the hundred millions digit of 136254342?
1
What is the millions digit of 39901399?
9
What is the hundreds digit of 864048030?
0
What is the millions digit of 1320422920?
0
What is the thousands digit of 114853712?
3
What is the millions digit of 27534444?
7
What is the ten millions digit of 129295239?
2
What is the hundreds digit of 469822238?
2
What is the tens digit of 4001072470?
7
What is the units digit of 2667586381?
1
What is the millions digit of 14388337?
4
What is the hundred thousands digit of 3799828177?
8
What is the hundreds digit of 2827219570?
5
What is the units digit of 12277721?
1
What is the ten millions digit of 12538123?
1
What is the hundred thousands digit of 38781209?
7
What is the units digit of 53018350?
0
What is the tens digit of 20152768?
6
What is the millions digit of 129697397?
9
What is the thousands digit of 4618405078?
5
What is the millions digit of 4886192972?
6
What is the thousands digit of 29612077?
2
What is the tens digit of 723527855?
5
What is the millions digit of 64003828?
4
What is the units digit of 2715102049?
9
What is the hundred thousands digit of 371395820?
3
What is the ten millions digit of 1796856507?
9
What is the hundred thousands digit of 92545733?
5
What is the millions digit of 2783443474?
3
What is the tens digit of 274775520?
2
What is the ten thousands digit of 5354741653?
4
What is the thousands digit of 156851200?
1
What is the ten millions digit of 1551932360?
5
What is the hundred millions digit of 786378103?
7
What is the tens digit of 1336999542?
4
What is the hundreds digit of 560968782?
7
What is the ten millions digit of 133965185?
3
What is the hundreds digit of 32132952?
9
What is the units digit of 746662381?
1
What is the hundreds digit of 710978774?
7
What is the ten thousands digit of 4708532506?
3
What is the tens digit of 420844267?
6
What is the billions digit of 3844605264?
3
What is the units digit of 1345030859?
9
What is the ten millions digit of 3020787153?
2
What is the ten thousands digit of 1880019716?
1
What is the units digit of 772544832?
2
What is the ten thousands digit of 110993317?
9
What is the tens digit of 24285525?
2
What is the hundred thousands digit of 473340029?
3
What is the thousands digit of 2965759221?
9
What is the millions digit of 133379544?
3
What is the billions digit of 1031767374?
1
What is the tens digit of 79085939?
3
What is the hundred thousands digit of 1342628125?
6
What is the units digit of 185588096?
6
What is the ten millions digit of 739070267?
3
What is the millions digit of 64071772?
4
What is the millions digit of 60585502?
0
What is the hundred millions digit of 102046449?
1
What is the thousands digit of 61466149?
6
What is the units digit of 32341571?
1
What is the millions digit of 1027695783?
7
What is the tens digit of 41028389?
8
What is the hundreds digit of 8372033868?
8
What is the hundreds digit of 266804981?
9
What is the thousands digit of 4592448657?
8
What is the billions digit of 2554474922?
2
What is the tens digit of 91340155?
5
What is the units digit of 42511895?
5
What is the hundreds digit of 5644923611?
6
What is the hundred thousands digit of 697679027?
6
What is the hundreds digit of 352901008?
0
What is the thousands digit of 1566408734?
8
What is the ten thousands digit of 78220319?
2
What is the ten millions digit of 150117528?
5
What is the ten thousands digit of 116851973?
5
What is the ten millions digit of 75248392?
7
What is the ten millions digit of 13723489?
1
What is the hundred millions digit of 704370088?
7
What is the tens digit of 15357852?
5
What is the hundred millions digit of 1437890919?
4
What is the tens digit of 1600278212?
1
What is the hundreds digit of 1698076886?
8
What is the ten millions digit of 43853897?
4
What is the hundred thousands digit of 23908934?
9
What is the billions digit of 4739050124?
4
What is the hundreds digit of 346311188?
1
What is the units digit of 450860907?
7
What is the ten millions digit of 614474463?
1
What is the thousands digit of 504754946?
4
What is the hundred millions digit of 547510588?
5
What is the thousands digit of 1209635025?
5
What is the billions digit of 3511149809?
3
What is the millions digit of 3454740731?
4
What is the hundreds digit of 50401217?
2
What is the units digit of 841994669?
9
What is the hundred millions digit of 274601115?
2
What is the tens digit of 364800156?
5
What is the millions digit of 90978727?
0
What is the hundreds digit of 39156411?
4
What is the ten thousands digit of 2221710062?
1
What is the hundreds digit of 657334121?
1
What is the ten thousands digit of 479398180?
9
What is the thousands digit of 507829527?
9
What is the hundred millions digit of 3736117245?
7
What is the hundred thousands digit of 26657961?
6
What is the hundred thousands digit of 45145337?
1
What is the hundred thousands digit of 7733258?
7
What is the billions digit of 1674282065?
1
What is the hundred thousands digit of 80620652?
6
What is the units digit of 188423785?
5
What is the ten millions digit of 530134971?
3
What is the ten thousands digit of 590240715?
4
What is the hundreds digit of 500282187?
1
What is the hundred thousands digit of 1140451543?
4
What is the hundreds digit of 164200530?
5
What is the ten thousands digit of 1102863824?
6
What is the tens digit of 1142510523?
2
What is the ten millions digit of 1223578885?
2
What is the tens digit of 65961366?
6
What is the thousands digit of 141236812?
6
What is the tens digit of 111310980?
8
What is the hundred millions digit of 178315566?
1
What is the ten thousands digit of 39275794?
7
What is the hundred millions digit of 126534856?
1
What is the ten millions digit of 492528805?
9
What is the ten thousands digit of 223222127?
2
What is the hundred thousands digit of 1601475056?
4
What is the hundreds digit of 1610375533?
5
What is the hundred thousands digit of 25717394?
7
What is the thousands digit of 103139090?
9
What is the thousands digit of 35154001?
4
What is the hundreds digit of 2075342498?
4
What is the thousands digit of 5670695?
0
What is the hundred millions digit of 2083678332?
0
What is the ten thousands digit of 4804880843?
8
What is the units digit of 222301335?
5
What is the tens digit of 2339876813?
1
What is the hundreds digit of 3899150032?
0
What is the hundred thousands digit of 3596022786?
0
What is the millions digit of 21234466?
1
What is the hundred thousands digit of 204575007?
5
What is the thousands digit of 109934139?
4
What is the millions digit of 98839900?
8
What is the hundreds digit of 667871781?
7
What is the units digit of 313818237?
7
What is the tens digit of 35536354?
5
What is the tens digit of 2553537148?
4
What is the hundred millions digit of 1712299925?
7
What is the ten millions digit of 20967759?
2
What is the hundred millions digit of 130549348?
1
What is the millions digit of 47382688?
7
What is the hundred thousands digit of 38837130?
8
What is the hundred thousands digit of 749080712?
0
What is the units digit of 79040026?
6
What is the hundred thousands digit of 212102746?
1
What is the hundreds digit of 44879061?
0
What is the tens digit of 41409098?
9
What is the units digit of 14760597?
7
What is the units digit of 199226973?
3
What is the ten millions digit of 42708888?
4
What is the hundred thousands digit of 2774026056?
0
What is the ten thousands digit of 184191671?
9
What is the hundred millions digit of 368717526?
3
What is the millions digit of 126110075?
6
What is the ten millions digit of 226332740?
2
What is the tens digit of 2684637111?
1
What is the hundreds digit of 9659183?
1
What is the hundreds digit of 114800053?
0
What is the units digit of 622781072?
2
What is the thousands digit of 211227090?
7
What is the ten millions digit of 5241496279?
4
What is the ten millions digit of 94020688?
9
What is the millions digit of 43881622?
3
What is the ten millions digit of 1403709773?
0
What is the ten millions digit of 828722968?
2
What is the units digit of 1230